*g**2 + 11 - 3*g - 2*g - g**3. Let m be r(-6). Calculate the highest common divisor of m and 55.
5
Suppose 2*l - 185 - 97 = -2*v, 4*v + 2*l = 554. Calculate the highest common divisor of 64 and v.
8
Let q be ((-15)/6)/((-2)/4). Suppose -4*y + 4 = -2*w, -y + 2*w + 4 = 3*w. What is the highest common factor of y and q?
1
Suppose 0 = -7*n + 1049 + 218. Let v = n + -69. Calculate the greatest common divisor of 14 and v.
14
Suppose -22*a + 56*a = 7344. Calculate the highest common factor of a and 108.
108
Suppose -5*c + 1977 = 3*i, -5*c - 3*i = -i - 1978. Suppose c = 2*l - 0*l. Let z = 87 + -65. Calculate the greatest common factor of l and z.
22
Let g be 4/(-10) - (-668)/20. Let h be (-198)/15*(-135)/6. What is the greatest common factor of h and g?
33
Let p(s) = -s**2 + 11*s + 21. Suppose -4*t + 66 = 5*c - 8*t, 5*c = 2*t + 58. Let m be p(c). Calculate the highest common divisor of m and 31.
31
Let o(v) = 53*v**2 + v - 21. Let r be o(3). What is the greatest common factor of r and 17?
17
Let k(q) = q**3 + 5*q**2 - 5*q + 7. Let z be k(-6). Let m be -78*(0 + (-6)/9). Let v be ((-7)/(-28))/(z/m). Calculate the greatest common divisor of v and 52.
13
Let q(y) = 314*y - 287. Let t be q(2). Let h be -2 - -34 - (2 - 1). Calculate the greatest common factor of h and t.
31
Suppose 701 = 2*y + 257. Let z = y + -110. Suppose 8*b - 11*b = 4*k - 52, -2*b + 31 = -k. Calculate the greatest common divisor of z and b.
16
Let h be (-8 - (-8)/2) + (-248)/(-2). What is the highest common divisor of h and 15?
15
Suppose -26 = -0*c - c. Suppose v = -2, -q - c = -4*q + v. Let i be 5570/22 - q/44. Calculate the highest common divisor of i and 23.
23
Suppose 0 = -y + 2*q + 14, -y - 5*q + 130 = 4*y. Calculate the highest common divisor of 979 and y.
11
Suppose 0 = 188*n - 176*n - 468. Let k(f) = -f**2 - 7*f + 7. Let h be k(-6). Calculate the highest common divisor of n and h.
13
Let x(l) = 3*l**2 - l - 7. Let k be x(5). Let s be 25/20*16/4. Suppose -2*q - 6 = 0, -3*q + 10 = s*u - 16. What is the highest common factor of k and u?
7
Suppose -20 = s + 7*j - 9*j, 5*j = 0. Let v be (25/s)/((-1 - -2)/(-12)). Let p be 30/(1 - 0/(-1)). Calculate the highest common divisor of v and p.
15
Suppose 6*x - 2*x = -128. Let w = x + 37. What is the greatest common divisor of w and 25?
5
Suppose 224 = -8*l + 864. Calculate the highest common factor of 48 and l.
16
Let r be (-6282)/(-162) + 4/18. Let f = 54 - r. Calculate the highest common factor of 75 and f.
15
Let u(y) = 11*y**3 + y**2 - 2*y + 1. Let o be u(1). Let a be -422*(-3)/66 - 2/o. What is the highest common divisor of 171 and a?
19
Let d be (-608)/(-20) + 36/(-90). Suppose -5*x + 2*o = -50, 0*o - 28 = -4*x + 4*o. What is the highest common divisor of d and x?
6
Let g be ((-198)/14)/((-41)/287). Calculate the highest common factor of 363 and g.
33
Suppose 4653 = 31*z - 4833. What is the highest common divisor of 36 and z?
18
Let j(y) = -5*y + 2. Let i be (-2)/6 - (-77)/(-21). Let l be j(i). Suppose -2*b + 8 = 0, 4*b - 456 = -4*f - 0*b. What is the highest common divisor of l and f?
22
Suppose -38*q = -29*q - 1764. Calculate the highest common divisor of q and 147.
49
Let c = -70 + 118. Let j(n) be the first derivative of -n**2 + 2. Let o be j(-6). Calculate the highest common factor of c and o.
12
Let k = 1078 + -920. Calculate the highest common divisor of 2 and k.
2
Let x be 31/4 - (-1)/4. Let j = x + 3. What is the greatest common factor of j and 99?
11
Suppose z = -0*u + 2*u - 1186, 5*z = -2*u + 1174. What is the greatest common divisor of u and 37?
37
Let k be (-3)/(-2)*272/17. Let s = 44 - k. Calculate the highest common divisor of 5 and s.
5
Let b be ((-90)/(-4))/(-3)*8/(-6). Let d be (156/(-16))/(3/(-40)). Calculate the greatest common divisor of b and d.
10
Suppose m - 34 + 5 = -2*k, -m - 4*k + 19 = 0. What is the highest common divisor of 52 and m?
13
Let k(i) = -i**2 - 11*i - 10. Let m be k(-5). Suppose m - 2 = 3*v. Suppose 11 = 2*j - 73. Calculate the greatest common divisor of j and v.
6
Let q = 37 + 249. What is the highest common divisor of q and 26?
26
Suppose 2 = -7*j + 9. Let a be (21 - (j + 4))/(2/3). What is the greatest common divisor of a and 120?
24
Let o = -1 + 210. Suppose k = -k - 4*h + 34, 4*k + 2*h = 74. What is the highest common divisor of o and k?
19
Suppose 5*m + 0*m - 20 = 0. Let a be (-4)/(-8 + 4) + 34. Let y be (20/a)/(2/14). What is the greatest common divisor of y and m?
4
Suppose -3*s = -s - 6. Let a(i) = 7*i + 1 - 2 - 9*i - i**3 - 8*i**2. Let k be a(-8). What is the greatest common factor of k and s?
3
Suppose -3*l + 416 = -x, -362 = -2*l + 5*x - 76. What is the highest common factor of 1311 and l?
69
Let a be 22 + 48 - (1 + 0). Let j(x) = 9*x - 13. Let g be j(4). What is the greatest common divisor of g and a?
23
Let x = -538 - -546. What is the greatest common divisor of x and 184?
8
Suppose -41*u + 396 = -8*u. Calculate the greatest common factor of u and 6.
6
Suppose r + 14*k - 17*k = 27, -4*k - 76 = -4*r. What is the highest common divisor of r and 10?
5
Suppose 7*x - 96*x = -712. What is the greatest common factor of 88 and x?
8
Let z(d) = -d**3 - d**2 + 3*d + 6. Let f be z(-3). Suppose -5*w = 4*v - 144, -f + 91 = 2*w - 3*v. What is the highest common factor of 64 and w?
32
Let y be (-28)/(-10)*(-5)/(-2). Suppose 5*g = 5*m + 355, -2*m + y = 9. Calculate the highest common factor of 10 and g.
10
Let s(w) = 6*w - 84. Let k be s(16). Calculate the greatest common divisor of k and 12.
12
Suppose 1256 = 46*f - 2286. What is the highest common factor of f and 28?
7
Let u(x) = x**3 - 17*x**2 + 30*x + 11. Let i be u(15). Calculate the highest common divisor of 88 and i.
11
Suppose -2*o = -2*v - 16, 3*o + 3*v - 2 = 16. Suppose -47 = -6*r + o. Calculate the highest common divisor of 81 and r.
9
Suppose 19*g = 22*g - 36. Suppose 4*t + g = -3*b, -t + b - 3*b = 8. Suppose t = 4*u - 210 + 10. Calculate the greatest common divisor of u and 10.
10
Let x(p) = 3*p + 4. Let u be x(-4). Let m = 11 + u. Suppose m*r + 5*h + 8 = 29, 27 = 3*r + 3*h. What is the greatest common factor of r and 3?
3
Let f be (0 - (8/(-12) + 1))*-39. Suppose -4*v - f = -45. What is the greatest common divisor of 72 and v?
8
Suppose 3*z = -z - 20. Let b be 58/(-6) - z/(-15). Let o be ((-4)/b)/((-3)/(-1260)). Calculate the greatest common factor of o and 21.
21
Let g = 24 + -12. What is the highest common factor of g and 876?
12
Let r be (36/8)/((-6)/(-12)). Let k be 2/(-14)*-19 - 48/(-168). Calculate the highest common divisor of r and k.
3
Let m(t) = 139*t**2 - 3*t + 4. Let q be m(1). Calculate the highest common factor of 28 and q.
28
Let f = 30 - 30. Suppose -4*q + f*q - 4*t + 20 = 0, q - t = 15. Calculate the highest common factor of 50 and q.
10
Suppose 96*j - 9750 = 46*j. What is the highest common divisor of 260 and j?
65
Let j be 146/10 + 3/(-5). Let o = 101 + -97. Calculate the highest common divisor of j and o.
2
Let s = -49 + 54. Let b = -1 - 4. Let g be (-12)/4 - s*b. What is the highest common factor of 88 and g?
22
Suppose 0 = -q - 5*d + 50, q - 2*d - 48 - 9 = 0. Suppose 2*r - 9 = 11. Let w = 15 - r. What is the greatest common divisor of w and q?
5
Let a(z) = z**2 + z. Let o be a(1). Suppose x = 3*k, -2*x - 2*x + o*k + 40 = 0. What is the highest common divisor of 132 and x?
12
Let k be ((-138)/(-9) - -2)*(-9)/(-6). Suppose 5*d + 75 = 5*b - 0*d, 0 = 4*d + 8. Let v = b + 26. What is the highest common factor of k and v?
13
Suppose -3*y + 3*l = -42, -2*y + 3*l = -0*l - 30. What is the highest common factor of 30 and y?
6
Let b(d) = d**2 + 13*d - 26. Let w be b(3). Calculate the greatest common factor of 242 and w.
22
Suppose z + 37 = 5*t, t + 0*t - 5*z = -7. Suppose 4*j = t + 64. Calculate the greatest common divisor of 144 and j.
18
Let m(j) = -2*j + j - j + 7*j**3 + 2. Let n be m(1). Suppose -3*z = -n*i + 2*i + 1332, 2*z = -8. What is the greatest common divisor of 24 and i?
24
Suppose -3*p = -5*p - q + 3097, -2*p = 4*q - 3088. Calculate the highest common divisor of p and 62.
62
Suppose 5*a = 2*m - 192, -3*a + 16 + 80 = m. Let x = m - 78. Calculate the greatest common divisor of x and 144.
18
Let l(o) = 2*o - 4. Let a be l(2). Suppose 2*z + 2 = -2*k, -k - 2*z + a - 6 = 0. What is the highest common divisor of 